u be k(0). Let d = z + u. What are the prime factors of d?
13
Suppose 4*h = 2*m + h - 154, 0 = -m - 5*h + 90. List the prime factors of m.
2, 5
Suppose 5*n - 25 = 0, -i + 5*i - n - 63 = 0. What are the prime factors of i?
17
Let y(n) be the third derivative of -n**6/120 - n**5/12 + n**4/6 + n**3 - n**2. Let u = -57 + 51. What are the prime factors of y(u)?
2, 3
Let w be ((-15)/(-6))/(15/36). List the prime factors of (-9)/w*52/(-3).
2, 13
Let r(b) = -4*b + 5. Let h(c) = 5*c - 5. Let s(m) = -3*h(m) - 4*r(m). List the prime factors of s(7).
2
Let c = 24 - 9. Let y = c - 9. Let q = -1 + y. What are the prime factors of q?
5
Let s(d) = 7*d**3. Let l be s(1). Let j = l - 1. List the prime factors of j.
2, 3
Suppose 2*l = 3*w + 58, l - 5*w - 13 = 23. What are the prime factors of l?
2, 13
Let n = -3 + 5. Suppose -5*u - n*h = -117, -u + 4*h + 26 = -15. Let c = 42 - u. List the prime factors of c.
17
Let q = 17 - 8. Suppose -3*r - 5 = -x + q, 0 = -3*x - 4*r + 3. Let h = x + -3. What are the prime factors of h?
2
Suppose -c + 5*m = -21, 4*c - 156 = -7*m + 3*m. Let y = c + -26. List the prime factors of y.
2, 5
Suppose 2*g + 2*g + 3*p = 614, g + 4*p - 147 = 0. List the prime factors of g.
5, 31
Suppose -4 = -3*k - 1. Suppose 5*p - 1 = a, -4*p + 5 = k. Suppose 3*l = -3*g + 3, -a*l = -2*l + 3*g. What are the prime factors of l?
3
Let j(x) = 49*x - 4. What are the prime factors of j(3)?
11, 13
Suppose i - 3 = -2*i. Let j = i - -11. List the prime factors of j.
2, 3
What are the prime factors of (-2)/(-3)*((-276)/(-8) - 3)?
3, 7
Let p = -5 + 14. Suppose -f + 60 = p. Suppose x - 24 = -0*x + 4*k, 3*x - 5*k - f = 0. What are the prime factors of x?
2, 3
Suppose 41 = w - 3*x, -3*x + 93 = 3*w - 2*x. Let y = 49 - w. List the prime factors of y.
17
Suppose -a = -2*b + 71, 3*a - 23 - 16 = -b. What are the prime factors of b?
2, 3
Let d(j) = -j**2 - 22*j - 19. What are the prime factors of d(-14)?
3, 31
Suppose -3*d - 4*v = -9*v - 383, -2*d + 3*v = -255. What are the prime factors of d?
2, 3, 7
Let v(i) = 7*i + 16. Let g(c) = -c**3 + 6*c**2 - 3*c - 4. Let f be g(5). List the prime factors of v(f).
2, 29
What are the prime factors of -7 + 94 + (-12)/4?
2, 3, 7
Suppose -8*s = -13*s + 305. What are the prime factors of s?
61
Let p = 562 + -307. List the prime factors of p.
3, 5, 17
Let g = 17 + -6. Let j(h) = 11 - h**2 - 6*h - g. What are the prime factors of j(-3)?
3
Let d(j) = 2*j**2 + 7*j + 5. What are the prime factors of d(-4)?
3
Let v(z) = z**3 + 7*z**2 - 9*z - 4. Let m be v(-8). Let a = 4 - m. Suppose 2*k - 12 = -a*k. List the prime factors of k.
2, 3
Suppose -6*m = -m + 35. Let f be 8/(-28) - 30/m. Suppose -f*t + 3*t + 16 = 0. What are the prime factors of t?
2
Suppose 3*g - 53 = -5*w, 0*g + 3*g + 4*w - 55 = 0. Let x(p) = -p**2 + p - 13. Let r be x(0). Let d = r + g. List the prime factors of d.
2
Let v = -7 - -9. Suppose 3*m = v*m + 21. List the prime factors of m.
3, 7
Let m(a) be the third derivative of a**4/24 - a**3 + a**2. Let i be m(6). Suppose -2*t = 2, i*t = s + t - 10. What are the prime factors of s?
11
Let u(x) = x + 6. Let o be u(0). Suppose o = -f + 10. What are the prime factors of f?
2
Let h(n) = -n**2 - 6*n - 4. Let m be h(-5). What are the prime factors of -2*(m + 3/(-1))?
2
What are the prime factors of ((-6)/9 - 0)/((-6)/1143)?
127
Suppose -4*m = 16, 5*m - 7*m = -5*k + 298. What are the prime factors of k?
2, 29
Let q = 55 + -34. List the prime factors of q.
3, 7
Suppose 5*q + 11 + 9 = 0, -5*b + 277 = -3*q. Let o = b + -28. What are the prime factors of o?
5
Let p = -2 - -2. Suppose -b + p*b = -5*z - 18, 21 = b - 2*z. Let t = b + -14. What are the prime factors of t?
3
Let o = 853 + -565. List the prime factors of o.
2, 3
Let k(g) = 2*g**2 - 5*g + 1. List the prime factors of k(6).
43
Let h(g) = -g**2 + 8*g - 6. Let u(f) = f**3 + 7*f**2 + 6*f + 4. Let k be u(-6). What are the prime factors of h(k)?
2, 5
Let c = 26 + -10. List the prime factors of c.
2
Let k be (1 - 10)*(2 - 3). List the prime factors of k - (3 + -2) - -1.
3
Let m = 19 - 10. Suppose r = -5*p - 18, -5*r - 1 - m = 5*p. Suppose 3*b - 3 = -r*t + 3, 4*b + 12 = 4*t. List the prime factors of t.
3
Suppose -3*v = 3*o - 168, 5*v + 4*o + 29 = 311. What are the prime factors of v?
2, 29
Suppose -v + 2 = -2. Suppose 3*h - 6*h = -v*r - 16, -r = -5*h + 21. Suppose h*q = 20 + 44. What are the prime factors of q?
2
Suppose -2*c = 3*d - 24 - 80, 168 = 5*d + 2*c. List the prime factors of d.
2
Suppose -7*z + 163 = -173. List the prime factors of z.
2, 3
Let j(q) = q**3 - 7*q**2 + 3. Let k be j(7). Let f = 8 - k. What are the prime factors of f?
5
Suppose 2*m + 19 = -a - 4*a, -m + 5*a = -28. Let h be (-3)/5 + m/5. Suppose -3*v = 3*q - 24, h*q - 32 = -3*v - q. List the prime factors of v.
2, 3
Let d(b) = 48*b - 1. List the prime factors of d(1).
47
Let b = 32 + -27. What are the prime factors of b?
5
Suppose 3 = 4*p + 7. Let t be (5/(-10))/(p/6). Suppose -c = -5*q + 10 + 10, 0 = q - t*c - 4. List the prime factors of q.
2
Suppose -2*b - f - 2*f + 8 = 0, 0 = -b + 2*f - 10. Let g be (1/2*0)/b. Suppose 4*z + 0 - 24 = g. List the prime factors of z.
2, 3
Suppose 0 = 2*c - 0*c - 32. List the prime factors of c.
2
Let b be 3 + -1 + 8 + 2. Let n be (b/9)/(1/(-3)). List the prime factors of n/(-6) + 104/6.
2, 3
Let j = -5 + 8. Suppose 3*z = 2*z + j. List the prime factors of z.
3
Let f be (6/4 - 1)*8. Let s(h) = h**3 - 7*h**2 - h + 7. Let m be s(7). Suppose m = -d + k + 22, -7 = 3*d - f*d - 4*k. What are the prime factors of d?
19
Let b(f) = f**2 + 6*f + 1. Let d be b(-4). List the prime factors of 2/d + 60/14.
2
What are the prime factors of ((-26)/(-4))/((-6)/(-60))?
5, 13
Let g = 10 + 106. List the prime factors of g.
2, 29
Suppose 246 = -11*o + 1665. List the prime factors of o.
3, 43
Suppose -j = -4*j + 18. Suppose k - 13 = -4*t, 2*t - 2*k + j = -0*k. What are the prime factors of (1*-10)/(t + -4)?
5
Suppose k - 2*k + 17 = 0. What are the prime factors of k?
17
Let i = 101 + -30. List the prime factors of i.
71
List the prime factors of ((-3)/6*0 - -64) + 1.
5, 13
Let c = 5 - 45. Let u = 57 + c. What are the prime factors of u?
17
Suppose -35 = 3*f - 158. List the prime factors of f.
41
Suppose -3*a = -2*a - 2. Suppose a*u + 2*u + 3*i = 46, -4*u = 5*i - 42. List the prime factors of u.
13
Suppose v - p = -2*p + 163, -5*p = -3*v + 473. List the prime factors of v.
7, 23
Let l(u) = u**2 + 10*u + 11. Let j be l(-9). Suppose -j*r - 2*r + 108 = 0. List the prime factors of r.
3
Suppose n = u + 2*n - 1, -8 = -3*u - 2*n. Let o = u - 5. What are the prime factors of 11 - (o - -1)/1?
3
Let y be (-1 + 8/6)*57. Suppose 0 = -3*h + y + 14. List the prime factors of h.
11
What are the prime factors of ((-410)/(-20))/(2/12)?
3, 41
Let b = 10 + -6. Suppose b*t - 47 = -3*s, -3*s - t = -33 - 8. List the prime factors of s.
13
Suppose 0 = -5*k + 25, 3*k = 2*u + 24 - 65. Suppose 5*j - u = 2*d, -2*d = 5*j + 2*d - 34. Let r = j - 2. List the prime factors of r.
2
Suppose 0 = l - 4*l - 108. Let g = -21 - l. What are the prime factors of g?
3, 5
Suppose 2*z - 296 = -3*g, g - 6*g - z = -505. Suppose 5*n + j - 165 = 6*j, 3*n - 4*j - g = 0. List the prime factors of n.
2, 3, 5
Let z(h) = -2*h - 24. Let b be z(0). Let v = 49 + b. List the prime factors of v.
5
Suppose u + 1 + 4 = 5*g, 2*g = -u - 5. Suppose -5*l = 2*b - 16, -b - l + 5 + 0 = g. List the prime factors of b.
3
Suppose 0*g = 3*g - 15. Let k be 0/((-3 + -1 - -1) + 2). Suppose k = -g*y + 116 - 46. What are the prime factors of y?
2, 7
Suppose k + 2*k + 4*w = 12, 2*k = 2*w - 6. Suppose k = -4*m - 0*m + 32. List the prime factors of m.
2
Suppose -252 = -4*l + l + 3*q, 0 = -5*l - 3*q + 436. List the prime factors of l.
2, 43
Let j = 25 - -3. Suppose -u + j = 2*r, 4*u = r + 2*r - 20. Let l = r + 9. List the prime factors of l.
3, 7
List the prime factors of 1*(-2 + (2 - -4) + 64).
2, 17
Suppose -7*u = -6*u - 12. List the prime factors of u.
2, 3
Suppose -3*h + 0 = 5*q + 5, -5*h = -4*q - 4. Suppose 0 = -6*y + 2*y + 12. List the prime factors of (6/(y/(-3)))/q.
2, 3
Suppose -z = -2*z. Suppose 6*b - b + 5 = z. List the prime factors of ((-1)/(-2))/(b/(-20)).
2, 5
Let g = 32 - -156. List the prime factors of g.
2, 47
Let h(s) be the second derivative of s**5/20 + 3*s**